hat is j(n)?
-1
Let d be 129 + -1 - -5 - 1*4. Let f(o) = -251*o**3 + d*o**3 + 123*o**3 - o**2 - o. Suppose 5 - 13 = -4*m. Calculate f(m).
2
Let t(s) = -s + 10. Suppose 4*r + 4*j = 112 - 8, -24 = -r - 3*j. Suppose -5*q + a + 37 = 0, 0*a + 3*a = 3*q - r. What is t(q)?
3
Suppose 2*i + 3*t + 5 = 0, 2*i - 5*t = 1 + 2. Let s(p) = -4*p**2 + p - 8. Let h(l) = 13*l**2 - 3*l + 21. Let m(y) = -3*h(y) - 8*s(y). Calculate m(i).
-7
Let g(u) be the first derivative of 2*u**3/3 + 3*u**2 + 10*u + 1752. Calculate g(-3).
10
Let c(y) be the first derivative of -1/2*y**2 + 1/6*y**3 - 22 - 15*y. Let i(z) be the first derivative of c(z). Calculate i(-4).
-5
Let t(z) = 9*z - 5. Let o(m) = -8*m + 4. Let f(h) = 6*o(h) + 5*t(h). Let b be 1/(-4) - 45/(-36). Suppose -34 = v + 2*v - 5*y, 2*v + y + b = 0. Determine f(v).
8
Suppose 1 - 5 = -4*o, -3*z - 3*o = 3. Let h be z + 0 + (1 - -2). Let d(v) = -3. Let r(i) = 2*i + 48. Let k(j) = -48*d(j) - 3*r(j). Give k(h).
-6
Let g(f) = 533*f + 528*f - 19 - 1045*f - f**2. Determine g(17).
-36
Let f(y) be the third derivative of y**4/12 + 3*y**3/2 - y**2 - 624*y. What is f(15)?
39
Let z(o) = 9*o**3 - 9*o**2 + 10*o - 27. Let r(v) = 34*v**3 - 35*v**2 + 36*v - 107. Let t(c) = -5*r(c) + 19*z(c). What is t(-3)?
1
Let p be (-14)/(-9)*3*(-30)/(-35). Suppose -x = -p*s + 12, -x + 2*x + 4 = 0. Let n(h) = 3*h**2 - 4*h + 2. Give n(s).
6
Suppose -2*k + 118 = 5*n, -3*k + 77 = 3*n - 8*k. Let d(a) = -38*a**2 - n*a**3 - 4 + 40*a**2 + 3. Calculate d(-1).
25
Let n = 2670 + -2667. Suppose x - 2*x + 4 = 0. Suppose -n*w = h + 20, w + x*h + 15 = 2*w. Let o(u) = u**2 + 5*u - 3. Determine o(w).
-3
Let n(a) = 103*a**3 - 13*a**2 + 10*a - 15. Let b(f) = 13*f**3 - 2*f**2 - 1. Let o(y) = -8*b(y) + n(y). Give o(5).
-7
Let o(d) = 3 - 18*d**2 - 3*d + 25*d**3 + 12*d**2 - 26*d**3. Let n(v) = v**3 + 6*v**2 + 3*v - 3. Let u(k) = 6*n(k) + 5*o(k). Calculate u(-5).
7
Suppose 2*l - 5*l = 0. Let a(i) = 2*i - 80 - i + 52 + 38. Give a(l).
10
Let s = -3 - 1. Let d(k) = -2*k**2 - 4*k + 2. Let c(i) = -2*i**2 - 4*i + 3. Suppose 12 = -2*o + 6*o. Let v(h) = o*c(h) - 4*d(h). What is v(s)?
17
Suppose -p - 100 + 238 = i, 0 = 4*p - 2*i - 552. Let v = p - 140. Let w(o) = 2*o**3 + 2*o + 1. Determine w(v).
-19
Let t(l) = -l**3 - 20*l**2 + 2*l - 43. Let a be t(-20). Let w = a + 85. Let s(u) = -105*u + u**w - 3*u**2 - 2 + 59*u + 50*u. Determine s(2).
-2
Let w(i) be the first derivative of -i**5/20 + 4*i**4/3 - 5*i**3/2 - 6*i**2 + 25*i - 41. Let p(f) be the first derivative of w(f). Determine p(15).
-12
Let p = -3646 - -3649. Let a be (1/2)/(1/6). Let c(x) = 212*x - 207*x - 1 + p*x**2 - 2*x**3 + x**a. Give c(4).
3
Let q(v) = v**2 - 10*v - 14. Suppose 262 = -11*k + 372. Determine q(k).
-14
Let p(w) = -4*w + 0*w - 67*w**2 - 49*w**2 + 17 + 182*w**2 - 67*w**2. What is p(-6)?
5
Let l(m) be the first derivative of 15*m**2/2 + 6*m - 91. Let j(r) = -15*r - 7. Let t(h) = 6*j(h) + 7*l(h). Give t(-1).
-15
Suppose -427*c = -396*c + 186. Let h(z) = -z**3 + 35*z + 6. What is h(c)?
12
Let b = 8 - 8. Let m be (b + 1)/((-9)/18). Let h be m/10 - ((-8)/(-10) + -4). Let d(z) = -z**2 + z + 3. Give d(h).
-3
Let l(i) = -2*i - 12. Let h(d) = -16*d - 26. Let b(n) = -3*n - 5. Let f(c) = -11*b(c) + 2*h(c). Let x(q) = -3*f(q) - l(q). What is x(-5)?
8
Suppose -2*x = -20*m + 18*m + 2, 0 = -4*m + x + 1. Let j(t) = 2*t**2 + 2*t - 2. Let b be j(-2). Let k(g) = -11*g + m*g + 12*g - b - 5. Determine k(6).
-1
Let n(m) = m**2 - 6*m + 2. Let y be n(7). Let p = y + -15. Let g(q) be the first derivative of -q**4/4 - 5*q**3/3 + 5*q**2/2 - 5*q - 415. Determine g(p).
1
Let n(h) be the second derivative of -5/6*h**3 + 0 + 1/6*h**4 - 3/2*h**2 + 25*h. Let l = 0 - -4. Determine n(l).
9
Suppose 50*r - 435 - 365 = 0. Let d(a) = -a**3 + 15*a**2 + 14*a + 28. Calculate d(r).
-4
Let n = -29 + 31. Suppose n*b = -13*b + 45. Let p be b + (-1 - 10) + 3. Let a(g) = 2*g + 5. Determine a(p).
-5
Suppose -7*k = -47*k - 160. Let w be 57/9 + (-6)/(-9). Let m(z) = 1 - w*z**3 + 3*z + 8*z**3 - z + 5*z**2 + 3*z. Give m(k).
-3
Suppose 0*p + 10 = 5*p. Let r(b) = 897862*b**3 - 2*b**2 + 2*b + 2*b - 897861*b**3 - 4. What is r(p)?
4
Let u(w) = -w + 3. Let x be (9/(-2) + 3)/((-1)/(-156)). Let l = -227 - x. Calculate u(l).
-4
Let u = 6 - 6. Let m(h) = 2*h**3 - 5*h**2 + 3*h + 8. Let r(v) = -v**3 + 3*v**2 - 2*v - 4. Let b(w) = -3*m(w) - 5*r(w). Calculate b(u).
-4
Let h be 20748/144 + (-3)/36. Let g(k) = 4*k - 6*k - 3*k - k + 147 - k**2 - h. Calculate g(-6).
3
Let j(s) = 3*s - 2 + 32*s - 28*s + s. What is j(1)?
6
Let t = -3763 - -3762. Let j(m) = -10*m**2 + 3*m + 6. Determine j(t).
-7
Suppose -54*z + 1391 = 1175. Let k(m) be the first derivative of -m**4/4 + 4*m**3/3 - m**2/2 + 2*m + 2. Determine k(z).
-2
Suppose -117*q + 1224 = -15*q. Let v(c) = c**2 - 5*c - 11. What is v(q)?
73
Suppose t - 3 = -4*g + 6*g, -2*t - 3 = 5*g. Let h(p) = 13*p**3 + 6 - 42*p**3 - p - 5 - 15*p**3. Determine h(t).
-44
Let g(t) = t**3 + 2*t**2 - 2*t. Let u(b) = -3*b**3 + 3*b**2 + b + 3. Let n(p) = 2*g(p) + u(p). Give n(6).
21
Let h(o) = 16*o + 1. Let x(w) = 34*w + 1940. Let z be x(-57). Determine h(z).
33
Let b(h) be the second derivative of -h**5/20 - 7*h**4/6 - 2*h**3 + 9*h**2/2 - 12*h - 130. Give b(-13).
-4
Let k(z) = 5*z**2. Let h be (5 - 8)*(-16)/(-6)*-3. Suppose -p - 23 + h = 0, 7 = 5*o + 2*p. Determine k(o).
5
Let u(v) = 158*v + 1897. Let f be u(-12). Let r(l) = 6*l**2 - 3*l + 2. Determine r(f).
5
Let m = 72 + -76. Let y(k) be the first derivative of -k**4/4 - 5*k**3/3 - 3*k**2 - 5*k - 815. Determine y(m).
3
Let d(g) = -7*g**3 + 3*g**2 + g + 8. Let v(f) = f**3 + 11*f**2 - 2*f. Let t(o) = d(o) + 2*v(o). Calculate t(5).
-7
Suppose 0 = -2*t - 5*c - 46, -4*c - 90 + 14 = 3*t. Let f = t - -29. Let m(v) = 19 - 36 + 18 - 4*v**2. Calculate m(f).
-3
Let y be 1 + 6/2 - (15 + -13). Let c(m) = 6 + m**y - 6 - 3*m. Determine c(3).
0
Let r(b) = -b - 5. Suppose -4*x + 21*h - 14 = 19*h, 5*x + 15 = 5*h. Let k(w) = -w**2 - 14*w - 45. Let l be k(x). What is r(l)?
0
Let o(s) = -s - 4. Let q(a) = -a. Let d(l) = 5*l - 5. Let b(r) = d(r) + 6*q(r). Let p be 7 + (6 + -8)*(-5)/(-10). Let k(m) = p*o(m) - 5*b(m). What is k(3)?
-2
Let k(i) = i**3 - i - 3. Suppose g - 100 = 4*y - 522, -3*y = g + 387. Let h = g - -405. Give k(h).
21
Let p(g) be the first derivative of 13 + 5/3*g**3 + 6*g - 1/4*g**4 - 7/2*g**2. Let r = 14 + -10. Calculate p(r).
-6
Let b(r) = -r**3 - 82*r**2 - 82*r - 75. Let h be b(-81). Let t(c) = -13 - 10*c**3 + 11*c**3 - 6*c**2 + 5*c + 5. Calculate t(h).
22
Let f(w) = 36*w - 7 - 7 - 68*w + 31*w. Calculate f(-4).
-10
Let v(z) = -z**2 - 12*z - 26. Suppose -2*m + 57*h = 55*h + 16, h = 2. Give v(m).
10
Let g = -129963 - -129959. Let u(i) = -i**2 + i - 1. Let n(d) = d**3 + 3*d**2 - 8*d + 1. Let r(o) = -n(o) - 3*u(o). Give r(g).
46
Suppose g = 2*y - 0*y + 4, g + 3*y = -21. Let z(x) = 2*x**3 + 13*x**2 + 5*x - 4. Let o be z(g). Let v(k) = -426*k + 422*k - o + 5. Calculate v(3).
-9
Let d(n) be the third derivative of n**4/12 - 2*n**3/3 + n**2. Suppose -4*l + 20 = 0, 15*m - 13*m + 5*l = 27. Let o be 3/((9/15)/m). Calculate d(o).
6
Let a(d) = -7*d - 78. Let y be a(-15). Suppose 0 = 2*s + 3*z + y + 18, 70 = -4*s - 2*z. Let q(l) = l**3 + 15*l**2 + l + 13. Give q(s).
-2
Let a be (-4 - -3)/(-4)*0. Suppose -2*m + 15 - 19 = a. Let n(s) = -3*s**3 - 3*s**2 - 2*s + 2. Calculate n(m).
18
Let n = -5041 - -5040. Let f(k) = 5*k + 2. Give f(n).
-3
Let k(b) be the third derivative of b**8/20160 + b**7/840 + b**6/240 - 17*b**5/12 + 104*b**2. Let g(r) be the third derivative of k(r). Determine g(-6).
3
Let o be (324/(-60))/((-21)/35). Let c(f) = -f**2 + 10*f + 2. Calculate c(o).
11
Let w(o) = 13*o + 5. Let g(q) = -2 + 5 + 0*q + 12*q + 2. Let s(z) = 4*g(z) - 3*w(z). Suppose -3*i = 4*r + 32, 90*i = 93*i - 2*r + 2. What is s(i)?
-31
Suppose -r = -p + 45, -r + 162 = -5*r - 5*p. Let s = 47 + r. Let k(f) = 33 + s*f**2 - 40 + 4*f - f**3 + 0*f**2. Calculate k(5).
-12
Let f(c) = 0*c - 2*c - 6 + c. Let g be (-24)/(-6)*(-13)/26. Let b be (g/(-3) + 1)/(3/(-9)). Give f(b).
-1
Let w = -5 + 7. Let q(k) = w - k**2 + 11*k + 0 - 3 - 6. Let i be (-2)/(-6) + (-42880)/(-4020). What is q(i)?
-7
Let f(g) = -82*g + 1. Let s(v) = 30*v. Let n(y) = -4*f(y) - 11*s(y). Let z be 17/34 - 11/2. Calculate n(z).
6
Let c(l) = l**2 + l. Let w = 66 - 60. Let m be 